rs of d(6).
2, 17, 1823
Suppose -3*s - 1 - 11 = 5*b, -2*b = -4*s + 10. What are the prime factors of s/4 - (1 - (-4185)/(-12))?
2, 3, 29
Let k(v) = 160 - 24*v - 69 - 73. List the prime factors of k(-5).
2, 3, 23
Suppose -2*o - 9406 = -3*f, -4*f + 9392 = -f + 5*o. Suppose -6*h - 758 = -f. What are the prime factors of h?
2, 3, 11
Let z(t) = -t**2 + 21*t + 2. Let s be z(21). What are the prime factors of (-6)/s + 338 + 2?
337
Let b(x) = -278*x - 1190. What are the prime factors of b(-11)?
2, 467
Suppose 2*y - 5*z = -19, -2*y = 3*y - 5*z + 55. List the prime factors of 203 + (4 - 1) + y/4.
7, 29
Let i(b) = 35*b**2 + 51*b + 592. List the prime factors of i(-15).
2, 3851
Let k be (1 - (37 + -2)) + -3 - -1. Let n(l) = l**3 + 36*l**2 - 29*l - 73. List the prime factors of n(k).
971
Suppose -127915*y + 127904*y = -201289. What are the prime factors of y?
29, 631
Let a(w) = -8 + 2 + 2 - 6 + w. Let b be a(14). Suppose 2*p + 2*g = g + 147, 0 = b*p - g - 285. List the prime factors of p.
2, 3
Suppose 14*m - 443 = 789. List the prime factors of ((-435)/10)/(0 - 6/m).
2, 11, 29
Let v(y) = 3*y**3 + 7*y**2 - 14*y + 2. Let l be v(4). Suppose -4*i - 538 - l = -3*g, 5*i = -g - 966. Let c = i + 284. What are the prime factors of c?
2, 3, 5
Suppose -q - 229 = -4*u, 3*q + 660 = 197*u - 194*u. Let o(x) = -7*x**2 - 5*x + 7. Let k be o(-5). Let z = k - q. What are the prime factors of z?
2, 37
Let a be 32/(0 + 3/36). Suppose -o = -4*n + 1089 + a, -3 = -o. What are the prime factors of n?
3, 41
Let p be 13 + (-1 + 0 - 3*-1). Suppose -9*k + p*k - 66 = 0. Suppose -133 = -o + 2*s - k, 5*o - 580 = 4*s. What are the prime factors of o?
2, 7
Suppose 0 = m - 45*t + 44*t - 3747, 5*m - 4*t - 18732 = 0. List the prime factors of m.
2, 3, 13
Suppose -8 = -7*n + 5*n. Suppose m - n*k = -2*k + 366, -3*k + 1856 = 5*m. List the prime factors of m.
2, 5, 37
Suppose 3*h - 6*h = v - 21918, h = -7. List the prime factors of v.
3, 71, 103
Suppose 5*j - 169 = -194, -4*o = -5*j - 152645. List the prime factors of o.
5, 13, 587
Suppose 0 = -1091*h + 1094*h - 1284. List the prime factors of h.
2, 107
Let y = 418 + -270. Let l(i) = -32*i - 362. Let t be l(-13). Suppose 5*b - 3*b - y = 4*f, b = -3*f + t. List the prime factors of b.
2, 3, 11
Suppose -4*g + 195 + 45 = 0. Let w(c) = 2*c - 3. Let d be w(1). What are the prime factors of (-36)/g*(-106 - d)?
3, 7
Suppose 28*w + 184 = -488. List the prime factors of 839*(4 + w/8).
839
Suppose -2*b + 3*y = -18, 0 = -2*b + 3*y - 8*y + 2. Let k = 1315 + -1170. Suppose k = -j + b*j. List the prime factors of j.
29
Suppose -3*z = 2*n + 1305 + 784, 0 = -4*n + 5*z - 4123. Let m = n + 2156. What are the prime factors of m?
3, 373
Let z(f) = -f**3 + 3*f**2 + 74*f + 191. List the prime factors of z(-27).
20063
Suppose 31*t - 120330 = 90129. What are the prime factors of t?
3, 31, 73
Let m = 12732 + -7039. List the prime factors of m.
5693
Suppose 2*m = 6*l - 5*l - 471, 1904 = 4*l - 3*m. Let b = l - 253. List the prime factors of b.
2, 113
Suppose 0 = 30*g - 359040 + 102720. What are the prime factors of g?
2, 3, 89
Let r(u) = 21*u**2 - 9*u - 10. Let o(k) = k**3 - 3*k**2 - 2*k + 1. Let m be o(3). Let z be r(m). Suppose -11*j = -16*j + z. List the prime factors of j.
2, 7
Let k(u) = u**3 + 2*u**2 - u + 77. Let p(s) = s**2 - 2*s. Let l = -71 - -71. Let r be p(l). What are the prime factors of k(r)?
7, 11
Let v be 6/(-42) + (-35996)/(-28)*2. Suppose 0 = 3*a - j - 1827, -4*a + v - 122 = 3*j. What are the prime factors of a?
2, 5, 61
Let s(q) = 880*q + 119. List the prime factors of s(10).
3, 991
Let n(v) = 150*v**2 + 8*v - 10. Let a be n(3). Let f = a - 968. List the prime factors of f.
2, 3, 11
List the prime factors of ((5210/(-2))/1)/((-953)/1906).
2, 5, 521
Let g(l) = l**2 + 37*l + 330. Let r be g(-15). Suppose -n + 153 = -i + 38, r = -3*n - 3*i + 357. List the prime factors of n.
3, 13
Let j be 2/(2/(-3)) + (261 - 26). Let o = j + -75. List the prime factors of o.
157
Let z be ((-1)/2)/(12/(-240)). Suppose z = d + 4*d. Suppose -5*h + 20 = 0, d*l - 268 = 2*h + 3*h. What are the prime factors of l?
2, 3
Let a(h) = -h**3 + 2*h**2 + 23*h + 18. Let b(m) = -m**3 + 3*m**2 + 24*m + 17. Let t(o) = -3*a(o) + 2*b(o). List the prime factors of t(7).
2, 11
Suppose 48*w = 223 - 31. Suppose -z + 918 = 2*x - 115, 2064 = 4*x + w*z. What are the prime factors of x?
11, 47
Let l = -2 - 28. Let y = 32 + l. List the prime factors of ((-10)/(-1))/y - -4.
3
Let g be ((-21)/(-3) - 3 - 6) + 354. Let m = g + -188. List the prime factors of m.
2, 41
Let h(o) = o**3 - 8*o**2 - 17*o - 23. Let p be h(10). Suppose p*z - 200 = -z. List the prime factors of z.
5
Let z(t) = 926*t + 2982. What are the prime factors of z(7)?
2, 7, 13
Suppose -4*q = 8*k - 262716, 6*q + 98501 = 3*k + 5*q. What are the prime factors of k?
2, 8209
Let h(m) = -m + 8. Let q be h(8). Suppose -5*n = -q*j + 4*j - 460, 4*n - 368 = 3*j. Let c = n - 22. List the prime factors of c.
2, 5, 7
Suppose -4*n + 55084 = -r, 0 = 444*n - 440*n - 5*r - 55068. What are the prime factors of n?
2, 11, 313
List the prime factors of 28575/135*(-2 - -5).
5, 127
Suppose 3*c - 142059 = -3*p, -193*c = p - 191*c - 47360. List the prime factors of p.
2, 3, 13, 607
Let m be 41 - 343 - (-1 + -3). Let y = m - -879. List the prime factors of y.
7, 83
Suppose -3*r = 7*i - 5*i - 7943, -3*i + 11915 = 4*r. What are the prime factors of i?
29, 137
Suppose 0 = 39370*t - 39376*t + 290604. What are the prime factors of t?
2, 61, 397
Let w = 61025 - 32211. List the prime factors of w.
2, 14407
Let s = 23 - -169. Let k = s - -49. List the prime factors of k.
241
Suppose -4*j - 156 = -4*d, -5*d - 27 = -4*j - 185. Let g(n) = -n**3 - 8*n**2 - 6*n + 12. Let r be g(-10). Let k = j + r. What are the prime factors of k?
5, 47
Let p be (68/6)/(6 + (-120)/18). Let g(t) = t**3 + 16*t**2 - 33*t + 1. List the prime factors of g(p).
3, 7, 13
Let s be (355/3)/(-2 - (-33)/18). Let o = 1561 + s. What are the prime factors of o?
23, 37
Let g(q) = 3*q + 20. Let s be g(-13). Let m be s*1*(-15)/(-3). Let n = m + 178. What are the prime factors of n?
83
Let q be 16/(-3)*(-7155)/212. List the prime factors of (-128)/(-60) + -2 - (-20136)/q.
2, 7
Suppose 6 = -2*s + 5*s. Let o = 506 + -503. Suppose 3*c - o*v = 31 + 365, 0 = c - s*v - 135. What are the prime factors of c?
3, 43
Let j = 2845 + -1453. Let d = j - 595. List the prime factors of d.
797
Let x = -27 + 43. Suppose h + x = 40. Suppose -3*v + 104 = 5*c, -c = -v - 0*v - h. What are the prime factors of c?
2, 11
Let p = 0 - -77. Let l = 89 - p. Suppose 561 = l*h + 5*h. What are the prime factors of h?
3, 11
Let o(b) be the third derivative of -b**6/120 - 2*b**5/5 + 2*b**4/3 + 55*b**3/6 - 54*b**2. What are the prime factors of o(-25)?
2, 5, 7
Let p = -3864 + 17718. What are the prime factors of p?
2, 3, 2309
Suppose 8*b + b = 19*b - 4800. What are the prime factors of b?
2, 3, 5
Let k = 4214 - 1424. List the prime factors of k.
2, 3, 5, 31
Suppose f + 2*f - 96 = 0. Suppose 0 = -8*c + 8 + f. Suppose -139 = -c*n + 136. What are the prime factors of n?
5, 11
Let t = 4093 - 1861. List the prime factors of t.
2, 3, 31
Let h(r) = 3802*r + 481. List the prime factors of h(3).
11887
Let z(u) = 2532*u + 299. What are the prime factors of z(1)?
19, 149
List the prime factors of (-335212)/(-82) + (-142)/(-2911).
2, 7, 73
What are the prime factors of 5/10 - 37215/(-18) - 2?
2, 1033
Let z(r) = 134*r - 569. List the prime factors of z(31).
3, 5, 239
Let b(n) = 10*n + 13 - 11 - 5*n**2 - 11. Let f be b(6). Let a = -59 - f. List the prime factors of a.
2, 5, 7
Let k be -12*(-174)/(-126) + 9/(-21). Let v(i) = 37*i - 40. Let m(c) = -19*c + 20. Let j(b) = -7*m(b) - 4*v(b). List the prime factors of j(k).
5, 11
Let r be ((-5)/(-2) - 2)*66. Suppose -88 = -159*k + 170*k. Let c = k + r. What are the prime factors of c?
5
Let a be (54/63)/(6/28). Suppose m - 4*g = -12, a*g - 26 - 10 = -2*m. Suppose 2*r + 294 = m*r. List the prime factors of r.
7
Suppose 47 = 4*k - 5. Suppose -9*f + 2*b - 1294 = -k*f, 3*b - 975 = -3*f. What are the prime factors of f?
2, 7, 23
Let z = 126 + -309. Let l = -38 - z. List the prime factors of l.
5, 29
Let v be 6 - 9/(9/3)*-1. Suppose -3*z = l - 15, 4*z = -3*l + v + 11. Suppose 7*i = z*i + 54. What are the prime factors 